s the remainder when 10108 is divided by 2525?
8
What is the remainder when 219400 is divided by 14?
6
What is the remainder when 5021 is divided by 1000?
21
Calculate the remainder when 272831 is divided by 6.
5
What is the remainder when 131577 is divided by 29?
4
Calculate the remainder when 1252 is divided by 61.
32
What is the remainder when 478957 is divided by 141?
121
What is the remainder when 16397 is divided by 16357?
40
What is the remainder when 27629 is divided by 1317?
1289
Calculate the remainder when 152932 is divided by 316.
304
What is the remainder when 57458 is divided by 36?
2
What is the remainder when 4256 is divided by 22?
10
Calculate the remainder when 2527 is divided by 399.
133
Calculate the remainder when 25330 is divided by 1918.
396
Calculate the remainder when 29770 is divided by 9890.
100
Calculate the remainder when 1043735 is divided by 899.
895
What is the remainder when 260 is divided by 72?
44
What is the remainder when 30407 is divided by 48?
23
What is the remainder when 69298 is divided by 674?
550
What is the remainder when 494859 is divided by 164949?
12
Calculate the remainder when 4552 is divided by 939.
796
Calculate the remainder when 1639570 is divided by 13.
10
Calculate the remainder when 3115 is divided by 3.
1
Calculate the remainder when 7338 is divided by 350.
338
Calculate the remainder when 7412525 is divided by 8.
5
What is the remainder when 84206 is divided by 21049?
10
Calculate the remainder when 157526 is divided by 78761.
4
What is the remainder when 24539 is divided by 148?
119
Calculate the remainder when 19740 is divided by 403.
396
What is the remainder when 257586 is divided by 4?
2
What is the remainder when 21512 is divided by 2117?
342
What is the remainder when 4031 is divided by 28?
27
Calculate the remainder when 194338 is divided by 395.
393
Calculate the remainder when 189001 is divided by 15749.
13
What is the remainder when 2013550 is divided by 108?
106
What is the remainder when 13122 is divided by 72?
18
What is the remainder when 39598 is divided by 33?
31
What is the remainder when 96278 is divided by 358?
334
Calculate the remainder when 1285 is divided by 189.
151
What is the remainder when 549358 is divided by 21?
19
Calculate the remainder when 497 is divided by 140.
77
Calculate the remainder when 591441 is divided by 84.
81
Calculate the remainder when 22617 is divided by 686.
665
Calculate the remainder when 688663 is divided by 1071.
10
Calculate the remainder when 2151 is divided by 614.
309
What is the remainder when 19842 is divided by 102?
54
What is the remainder when 19342 is divided by 248?
246
What is the remainder when 40919 is divided by 20?
19
Calculate the remainder when 1221 is divided by 171.
24
What is the remainder when 128390 is divided by 8?
6
What is the remainder when 31841 is divided by 18?
17
Calculate the remainder when 70682 is divided by 238.
234
What is the remainder when 519 is divided by 199?
121
What is the remainder when 329013 is divided by 21?
6
Calculate the remainder when 17043 is divided by 18.
15
Calculate the remainder when 143 is divided by 21.
17
Calculate the remainder when 8351 is divided by 137.
131
What is the remainder when 3678 is divided by 256?
94
Calculate the remainder when 63896 is divided by 85.
61
What is the remainder when 12270 is divided by 310?
180
Calculate the remainder when 175742 is divided by 4.
2
Calculate the remainder when 210501 is divided by 20.
1
Calculate the remainder when 17819 is divided by 112.
11
What is the remainder when 3798 is divided by 75?
48
Calculate the remainder when 90546 is divided by 231.
225
Calculate the remainder when 97022 is divided by 50.
22
What is the remainder when 1904 is divided by 625?
29
Calculate the remainder when 6437 is divided by 37.
36
Calculate the remainder when 3099411 is divided by 6.
3
Calculate the remainder when 172960 is divided by 797.
11
What is the remainder when 56785 is divided by 10?
5
Calculate the remainder when 13314 is divided by 4437.
3
What is the remainder when 5639 is divided by 60?
59
What is the remainder when 3171 is divided by 1034?
69
Calculate the remainder when 1262220 is divided by 16.
12
Calculate the remainder when 24110 is divided by 12050.
10
Calculate the remainder when 17272 is divided by 8617.
38
What is the remainder when 11254 is divided by 3683?
205
Calculate the remainder when 1539 is divided by 103.
97
Calculate the remainder when 4307 is divided by 54.
41
Calculate the remainder when 13391 is divided by 1427.
548
Calculate the remainder when 18719 is divided by 24.
23
Calculate the remainder when 17916562 is divided by 1146.
1144
Calculate the remainder when 6590 is divided by 937.
31
Calculate the remainder when 15243 is divided by 126.
123
Calculate the remainder when 22377 is divided by 16.
9
What is the remainder when 2826 is divided by 956?
914
What is the remainder when 1624 is divided by 136?
128
What is the remainder when 257230 is divided by 184?
182
What is the remainder when 1203 is divided by 351?
150
Calculate the remainder when 638 is divided by 281.
76
What is the remainder when 3163 is divided by 264?
259
What is the remainder when 110733 is divided by 9?
6
Calculate the remainder when 75563 is divided by 37735.
93
Calculate the remainder when 332180 is divided by 432.
404
Calculate the remainder when 44602 is divided by 34.
28
What is the remainder when 10048 is divided by 93?
4
Calculate the remainder when 39805 is divided by 2341.
8
Calculate the remainder when 4591 is divided by 2230.
131
What is the remainder when 4260 is divided by 180?
120
Calculate the remainder when 1568 is divided by 1476.
92
What is the remainder when 581 is divided by 486?
95
Calculate the remainder when 1656 is divided by 247.
174
What is the remainder when 2044 is divided by 267?
175
Calculate the remainder when 2986 is divided by 983.
37
What is the remainder when 15776 is divided by 142?
14
What is the remainder when 45662 is divided by 6516?
50
What is the remainder when 6338 is divided by 2102?
32
What is the remainder when 900 is divided by 314?
272
Calculate the remainder when 94136 is divided by 18824.
16
Calculate the remainder when 1397 is divided by 292.
229
Calculate the remainder when 26157 is divided by 153.
147
Calculate the remainder when 276514 is divided by 15.
4
What is the remainder when 338 is divided by 312?
26
What is the remainder when 201377 is divided by 166?
19
What is the remainder when 266062 is divided by 33257?
6
What is the remainder when 489915 is divided by 1253?
1245
Calculate the remainder when 29399 is divided by 1130.
19
What is the remainder when 43724 is divided by 10902?
116
What is the remainder when 2788 is divided by 28?
16
What is the remainder when 1540 is divided by 504?
28
What is the remainder when 2139 is divided by 513?
87
What is the remainder when 14512 is divided by 1309?
113
Calculate the remainder when 20006 is divided by 139.
129
Calculate the remainder when 46495 is divided by 11613.
43
What is the remainder when 196270 is divided by 48?
46
Calculate the remainder when 277 is divided by 98.
81
What is the remainder when 5764 is divided by 1420?
84
Calculate the remainder when 47623 is divided by 15.
13
Calculate the remainder when 14768 is divided by 3680.
48
What is the remainder when 3983973 is divided by 24?
21
What is the remainder when 88503 is divided by 1007?
894
What is the remainder when 998755 is divided by 123?
118
What is the remainder when 6287 is divided by 2066?
89
What is the remainder when 5704 is divided by 2490?
724
Calculate the remainder when 127239 is divided by 7952.
7
What is the remainder when 159089 is divided by 3787?
35
Calculate the remainder when 36305 is divided by 541.
58
Calculate the remainder when 6186 is divided by 6186.
0
Calculate the remainder when 24049 is divided by 36.
1
Calculate the remainder when 2752 is divided by 469.
407
What is the remainder when 165421 is divided by 5?
1
What is the remainder when 3773 is divided by 173?
140
Calculate the remainder when 1888 is divided by 244.
180
Calculate the remainder when 45622 is divided by 67.
62
What is the remainder when 1730 is divided by 41?
8
Calculate the r